{"id":81,"date":"2014-01-28T00:46:55","date_gmt":"2014-01-27T22:46:55","guid":{"rendered":"https:\/\/aniali.anjamanleitner.de\/?page_id=81"},"modified":"2014-01-30T01:12:06","modified_gmt":"2014-01-29T23:12:06","slug":"ueber-about","status":"publish","type":"page","link":"https:\/\/aniali.anjamanleitner.de\/?page_id=81","title":{"rendered":"\u00dcber&#8230;\/About&#8230;"},"content":{"rendered":"<p>Anja Manleitner, freiberufliche Fotografin, *1965<\/p>\n<p>Theaterfotografie, Illustration von Brosch\u00fcren und Websites,<\/p>\n<p>Websitebetreuung u.A. waldorfschule-kiel.de,<\/p>\n<p>Fotoausstellungen \u2013 u.A. \u201eDas ist Deutschland\u201c, eine Fotoausstellung mit Osteurop\u00e4ischen Migranten im Rahmen des Projektes Ost-West-Integration<\/p>\n<p>Schwerpunkt: Fotografie von Menschen in Rauminteraktion und Portraits<\/p>\n<p><a href=\"https:\/\/aniali.anjamanleitner.de\/\">www.aniali.de<\/a><\/p>\n<p>Mail: am@aniali.de<\/p>\n<p>Disclaimer: Alle hier ver\u00f6ffentlichten Fotos unterliegen dem Urheberrecht. Alle Rechte bei Anja Manleitner<\/p>\n<p>F\u00fcr den Inhalt externer Links \u00fcbernehme ich keine Verantwortung!<\/p>\n<p>Diese Website benutzt den FlashCounter Besucherz\u00e4hler, einen kostenlosen Dienst der Webdesign Agentur Team23 zur statistischen Auswertung der Besucherzugriffe. F\u00fcr die technische Umsetzung werden Cookies (Textdateien, die auf dem Computer der Besucher der Webseite gespeichert werden) und die Speicherung Ihrer IP-Adresse ben\u00f6tigt. Diese Daten sind f\u00fcr den Anbieter nicht bestimmten Personen zuordenbar. Eine Zusammenf\u00fchrung der IP-Adresse mit anderen Datenquellen wird nicht vorgenommen. Die IP-Adressen und Cookies werden in der Regel nach einigen Tagen aber sp\u00e4testens nach einem Monat gel\u00f6scht. Die durch den Cookie erzeugten Informationen \u00fcber Ihre Benutzung dieses Internetangebotes werden auf dem Server der Team23 Internetagentur in Deutschland gespeichert. Die IP-Adresse wird vor deren Speicherung anonymisiert.<\/p>\n<p>Ihr Besuch dieser Webseite wird aktuell v\u00f6llig anonym von der FlashCounter Webanalyse erfasst. \u00a0Wenn Sie dies nicht w\u00fcnschen, k\u00f6nnen Sie die Installation von Cookies durch eine entsprechende Einstellung Ihrer Browser-Software generell verhindern. In diesem Fall k\u00f6nnen jedoch auf diversen Websites nicht s\u00e4mtliche Funktionen uneingeschr\u00e4nkt nutzbar sein. \u00a0Eine weitere M\u00f6glichkeit, nicht von der Webanalyse erfasst zu werden, ist ein Widerspruch in Form der Speicherung eines sogenannten Opt-Out-Cookies in Ihrem Browser. Solange dieser in Ihrem Browser abgelegt ist, wird FlashCounter Ihre Benutzerdaten nicht analysieren. \u00a0Bitte beachten Sie, dass Ihr Widerspruch nicht mehr nachvollzogen werden kann, wenn Sie die Website mit einem anderen Browser besuchen oder den Opt-Out-Cookie zwischenzeitlich gel\u00f6scht haben. In diesem Fall ist eine erneute Speicherung des Opt-Out-Cookies n\u00f6tig. Klicken Sie den folgenden Link, um den FlashCounter-Opt-Out-Cookie in Ihrem Browser abzulegen: http:\/\/fc.webmasterpro.de\/optoutcookie.html<\/p>\n","protected":false},"excerpt":{"rendered":"<p>Anja Manleitner, freiberufliche Fotografin, *1965 Theaterfotografie, Illustration von Brosch\u00fcren und Websites, Websitebetreuung u.A. waldorfschule-kiel.de, Fotoausstellungen \u2013 u.A. \u201eDas ist Deutschland\u201c, eine Fotoausstellung mit Osteurop\u00e4ischen Migranten im Rahmen des Projektes Ost-West-Integration Schwerpunkt: Fotografie von Menschen in Rauminteraktion und Portraits www.aniali.de Mail: am@aniali.de Disclaimer: Alle hier ver\u00f6ffentlichten Fotos unterliegen dem Urheberrecht. Alle Rechte bei Anja Manleitner F\u00fcr [&hellip;]<\/p>\n","protected":false},"author":1,"featured_media":38,"parent":0,"menu_order":0,"comment_status":"closed","ping_status":"closed","template":"","meta":{"footnotes":""},"class_list":["post-81","page","type-page","status-publish","has-post-thumbnail","hentry"],"_links":{"self":[{"href":"https:\/\/aniali.anjamanleitner.de\/index.php?rest_route=\/wp\/v2\/pages\/81","targetHints":{"allow":["GET"]}}],"collection":[{"href":"https:\/\/aniali.anjamanleitner.de\/index.php?rest_route=\/wp\/v2\/pages"}],"about":[{"href":"https:\/\/aniali.anjamanleitner.de\/index.php?rest_route=\/wp\/v2\/types\/page"}],"author":[{"embeddable":true,"href":"https:\/\/aniali.anjamanleitner.de\/index.php?rest_route=\/wp\/v2\/users\/1"}],"replies":[{"embeddable":true,"href":"https:\/\/aniali.anjamanleitner.de\/index.php?rest_route=%2Fwp%2Fv2%2Fcomments&post=81"}],"version-history":[{"count":5,"href":"https:\/\/aniali.anjamanleitner.de\/index.php?rest_route=\/wp\/v2\/pages\/81\/revisions"}],"predecessor-version":[{"id":135,"href":"https:\/\/aniali.anjamanleitner.de\/index.php?rest_route=\/wp\/v2\/pages\/81\/revisions\/135"}],"wp:featuredmedia":[{"embeddable":true,"href":"https:\/\/aniali.anjamanleitner.de\/index.php?rest_route=\/wp\/v2\/media\/38"}],"wp:attachment":[{"href":"https:\/\/aniali.anjamanleitner.de\/index.php?rest_route=%2Fwp%2Fv2%2Fmedia&parent=81"}],"curies":[{"name":"wp","href":"https:\/\/api.w.org\/{rel}","templated":true}]}}

Über&#8230;/About&#8230;

<p>Anja Manleitner, freiberufliche Fotografin, *1965</p>
<p>Theaterfotografie, Illustration von Broschüren und Websites,</p>
<p>Websitebetreuung u.A. waldorfschule-kiel.de,</p>
<p>Fotoausstellungen – u.A. „Das ist Deutschland“, eine Fotoausstellung mit Osteuropäischen Migranten im Rahmen des Projektes Ost-West-Integration</p>
<p>Schwerpunkt: Fotografie von Menschen in Rauminteraktion und Portraits</p>
<p><a href="https://aniali.anjamanleitner.de/">www.aniali.de</a></p>
<p>Mail: am@aniali.de</p>
<p>Disclaimer: Alle hier veröffentlichten Fotos unterliegen dem Urheberrecht. Alle Rechte bei Anja Manleitner</p>
<p>Für den Inhalt externer Links übernehme ich keine Verantwortung!</p>
<p>Diese Website benutzt den FlashCounter Besucherzähler, einen kostenlosen Dienst der Webdesign Agentur Team23 zur statistischen Auswertung der Besucherzugriffe. Für die technische Umsetzung werden Cookies (Textdateien, die auf dem Computer der Besucher der Webseite gespeichert werden) und die Speicherung Ihrer IP-Adresse benötigt. Diese Daten sind für den Anbieter nicht bestimmten Personen zuordenbar. Eine Zusammenführung der IP-Adresse mit anderen Datenquellen wird nicht vorgenommen. Die IP-Adressen und Cookies werden in der Regel nach einigen Tagen aber spätestens nach einem Monat gelöscht. Die durch den Cookie erzeugten Informationen über Ihre Benutzung dieses Internetangebotes werden auf dem Server der Team23 Internetagentur in Deutschland gespeichert. Die IP-Adresse wird vor deren Speicherung anonymisiert.</p>
<p>Ihr Besuch dieser Webseite wird aktuell völlig anonym von der FlashCounter Webanalyse erfasst.  Wenn Sie dies nicht wünschen, können Sie die Installation von Cookies durch eine entsprechende Einstellung Ihrer Browser-Software generell verhindern. In diesem Fall können jedoch auf diversen Websites nicht sämtliche Funktionen uneingeschränkt nutzbar sein.  Eine weitere Möglichkeit, nicht von der Webanalyse erfasst zu werden, ist ein Widerspruch in Form der Speicherung eines sogenannten Opt-Out-Cookies in Ihrem Browser. Solange dieser in Ihrem Browser abgelegt ist, wird FlashCounter Ihre Benutzerdaten nicht analysieren.  Bitte beachten Sie, dass Ihr Widerspruch nicht mehr nachvollzogen werden kann, wenn Sie die Website mit einem anderen Browser besuchen oder den Opt-Out-Cookie zwischenzeitlich gelöscht haben. In diesem Fall ist eine erneute Speicherung des Opt-Out-Cookies nötig. Klicken Sie den folgenden Link, um den FlashCounter-Opt-Out-Cookie in Ihrem Browser abzulegen: http://fc.webmasterpro.de/optoutcookie.html</p>

<p>Anja Manleitner, freiberufliche Fotografin, *1965 Theaterfotografie, Illustration von Broschüren und Websites, Websitebetreuung u.A. waldorfschule-kiel.de, Fotoausstellungen – u.A. „Das ist Deutschland“, eine Fotoausstellung mit Osteuropäischen Migranten im Rahmen des Projektes Ost-West-Integration Schwerpunkt: Fotografie von Menschen in Rauminteraktion und Portraits www.aniali.de Mail: am@aniali.de Disclaimer: Alle hier veröffentlichten Fotos unterliegen dem Urheberrecht. Alle Rechte bei Anja Manleitner Für [&hellip;]</p>
